2, 3, 5, 11, 1567
List the prime factors of 8623367.
23, 374929
What are the prime factors of 5346?
2, 3, 11
List the prime factors of 19065469.
43, 179, 2477
What are the prime factors of 3549872?
2, 17, 31, 421
What are the prime factors of 11776244?
2, 2944061
What are the prime factors of 975990?
2, 3, 5, 32533
What are the prime factors of 2589494?
2, 701, 1847
List the prime factors of 2720842.
2, 41, 33181
What are the prime factors of 2229810?
2, 3, 5, 11, 29, 233
What are the prime factors of 519861?
3, 149, 1163
List the prime factors of 3602441.
3602441
List the prime factors of 222928.
2, 13933
List the prime factors of 149486.
2, 41, 1823
What are the prime factors of 2444767?
13, 181, 1039
What are the prime factors of 214597?
53, 4049
What are the prime factors of 150622?
2, 127, 593
What are the prime factors of 6839370?
2, 3, 5, 73, 347
What are the prime factors of 6039971?
7, 709, 1217
What are the prime factors of 722762?
2, 389, 929
What are the prime factors of 1214879?
19, 43, 1487
What are the prime factors of 6784573?
6784573
List the prime factors of 117478.
2, 151, 389
What are the prime factors of 14333796?
2, 3, 631
What are the prime factors of 368841?
3, 11, 11177
List the prime factors of 1185866.
2, 11, 19, 2837
List the prime factors of 7157022.
2, 3, 1192837
What are the prime factors of 1149595?
5, 19, 12101
What are the prime factors of 826319?
13, 17, 3739
What are the prime factors of 1914969?
3, 7, 1861
What are the prime factors of 23876?
2, 47, 127
List the prime factors of 31354.
2, 61, 257
List the prime factors of 71895.
3, 5, 4793
What are the prime factors of 88725?
3, 5, 7, 13
What are the prime factors of 1764808?
2, 59, 3739
List the prime factors of 179119.
179119
List the prime factors of 527244.
2, 3, 53, 829
List the prime factors of 4931843.
7, 704549
List the prime factors of 1755682.
2, 23, 38167
List the prime factors of 31714.
2, 101, 157
What are the prime factors of 4185447?
3, 7, 241, 827
What are the prime factors of 1813484?
2, 453371
List the prime factors of 269568.
2, 3, 13
List the prime factors of 25675.
5, 13, 79
List the prime factors of 10765290.
2, 3, 5, 229, 1567
What are the prime factors of 194243?
7, 27749
What are the prime factors of 4685073?
3, 757, 2063
List the prime factors of 10856737.
10856737
What are the prime factors of 243655?
5, 48731
What are the prime factors of 44390?
2, 5, 23, 193
What are the prime factors of 1575867?
3, 37, 14197
What are the prime factors of 9207?
3, 11, 31
What are the prime factors of 751461?
3, 107, 2341
List the prime factors of 2358880.
2, 5, 23, 641
What are the prime factors of 225706?
2, 13, 8681
List the prime factors of 1804780.
2, 5, 90239
What are the prime factors of 160077?
3, 53359
What are the prime factors of 5630995?
5, 17, 31, 2137
List the prime factors of 68570.
2, 5, 6857
What are the prime factors of 3187829?
59, 71, 761
List the prime factors of 1613221.
281, 5741
List the prime factors of 393047.
23, 743
List the prime factors of 577338.
2, 3, 96223
List the prime factors of 781915.
5, 17, 9199
List the prime factors of 1768655.
5, 7, 7219
List the prime factors of 14051792.
2, 17, 19, 2719
List the prime factors of 445413.
3, 148471
List the prime factors of 966361.
11, 59, 1489
List the prime factors of 591455.
5, 29, 4079
What are the prime factors of 1178130?
2, 3, 5, 173, 227
What are the prime factors of 3984748?
2, 996187
List the prime factors of 953696.
2, 29803
What are the prime factors of 115081?
157, 733
List the prime factors of 19456623.
3, 31, 69737
What are the prime factors of 63945?
3, 5, 7, 29
What are the prime factors of 17706620?
2, 5, 885331
List the prime factors of 2340602.
2, 11, 106391
What are the prime factors of 1152337?
1152337
List the prime factors of 4095757.
29, 141233
List the prime factors of 107042.
2, 13, 23, 179
List the prime factors of 28344518.
2, 409, 34651
What are the prime factors of 519550?
2, 5, 10391
What are the prime factors of 392226?
2, 3, 65371
What are the prime factors of 1085764?
2, 521
What are the prime factors of 93437?
223, 419
List the prime factors of 456339.
3, 13, 11701
What are the prime factors of 2241513?
3, 27673
List the prime factors of 892942.
2, 17, 26263
What are the prime factors of 1534558?
2, 767279
List the prime factors of 44737.
7, 11, 83
What are the prime factors of 1887220?
2, 5, 127, 743
What are the prime factors of 1037515?
5, 59, 3517
List the prime factors of 475479.
3, 23, 2297
What are the prime factors of 226342?
2, 113171
What are the prime factors of 40929?
3, 7, 1949
List the prime factors of 48342.
2, 3, 7, 1151
What are the prime factors of 1899922?
2, 949961
List the prime factors of 9108672.
2, 3, 47441
List the prime factors of 1026161.
73, 14057
List the prime factors of 488818.
2, 11, 17, 1307
What are the prime factors of 169718?
2, 84859
List the prime factors of 2521743.
3, 7, 23, 227
What are the prime factors of 198457?
7, 28351
What are the prime factors of 398045?
5, 79609
List the prime factors of 920651.
920651
List the prime factors of 9046317.
3, 7, 97, 4441
List the prime factors of 899759.
7, 17, 7561
What are the prime factors of 947749?
11, 29, 2971
What are the prime factors of 20771?
20771
List the prime factors of 11707177.
2767, 4231
List the prime factors of 203604.
2, 3, 19, 47
What are the prime factors of 426007?
426007
What are the prime factors of 11486312?
2, 601, 2389
List the prime factors of 816982.
2, 408491
What are the prime factors of 3260055?
3, 5, 217337
List the prime factors of 6201909.
3, 7, 98443
List the prime factors of 39582.
2, 3, 733
List the prime factors of 14245210.
2, 5, 7, 109, 1867
List the prime factors of 11913951.
3, 7, 31, 18301
List the prime factors of 269879.
269879
What are the prime factors of 145514?
2, 31, 2347
List the prime factors of 513767.
513767
List the prime factors of 1425190.
2, 5, 13, 19, 577
List the prime factors of 749008.
2, 13, 277
What are the prime factors of 1236825?
3, 5, 23, 239
List the prime factors of 878084.
2, 17, 37, 349
What are the prime factors of 57287?
57287
What are the prime factors of 5167702?
2, 1381, 1871
List the prime factors of 5624754.
2, 3, 937459
List the prime factors of 810755.
5, 11, 14741
List the prime factors of 387549.
3, 17, 149
List the prime factors of 14513896.
2, 1814237
What are the prime factors of 107636?
2, 71, 379
List the prime factors of 1870667.
1870667
What are the prime factors of 3705?
3, 5, 13, 19
What are the prime factors of 516353?
137, 3769
List the prime factors of 28988105.
5, 1171, 4951
What are the prime factors of 2413124?
2, 7, 86183
List the prime factors of 331321.
41, 8081
List the prime factors of 11583701.
37, 337, 929
List the prime factors of 1807727.
67, 26981
What are the prime factors of 20595?
3, 5, 1373
List the prime factors of 497173.
19, 137, 191
List the prime factors of 4951482.
2, 3, 825247
List the prime factors of 493622.
2, 246811
What are the prime factors of 964561?
13, 74197
List the prime factors of 523314.
2, 3, 11, 881
List the prime factors of 2822951.
23, 139, 883
What are the prime factors of 4123189?
7, 589027
List the prime factors of 17048663.
103, 1607
List the prime factors of 223326.
2, 3, 19, 653
What are the prime factors of 1294897?
47, 27551
List the prime factors of 764863.
11, 31, 2243
List the prime factors of 2262824.
2, 19, 14887
What are the prime factors of 12990143?
97, 133919
What are the prime factors of 8251783?
17, 41, 11839
What are the prime factors of 377196?
2, 3, 17, 43
What are the prime factors of 2503312?
2, 7, 31, 103
List the prime factors of 307709.
47, 6547
What are the prime factors of 227741?
53, 4297
What are the prime factors of 9082850?
2, 5, 7, 25951
What are the prime factors of 2480924?
2, 37, 16763
List the prime factors of 1228699.
53, 97, 239
List the prime factors of 237962.
2, 43, 2767
List the prime factors of 165692.
2, 23, 1801
List the prime factors of 2503536.
2, 3, 7, 7451
List the prime factors of 25553390.
2, 5, 227, 11257
List the prime factors of 161179.
89, 1811
List the prime factors of 5158350.
2, 3, 5, 3821
What are the prime factors of 423758?
2, 211879
What are the prime fac